of 6 + (0 + -6 - -4)?
4
Evaluate -3 + 1 - (-3 + (-9 - -5)).
5
What is 2 - (1 + (3 - 3) + -4)?
5
-3 + ((-3 - -7) + -5 - 0)
-4
Evaluate -5 - (-7 - (3 + -6)).
-1
11 - 3 - (-19 - -26)
1
Calculate (6 - 4) + -7 - -1.
-4
What is the value of -2 + (-7 - (0 + -8))?
-1
13 - (-5 - (9 - 25))
2
Calculate (101 - 96) + (1 - 0) + -4.
2
Evaluate -3 - 2 - -2 - -3.
0
Calculate -6 + 8 - (-2 + -2 + 7).
-1
Evaluate 2 - (1 + -3 + 1).
3
-9 + 15 + -7 + (2 - 2)
-1
Evaluate -1 - -3 - (8 - (-11 + 15)).
-2
Evaluate -6 + -5 + 6 - 0.
-5
Calculate -13 - (5 - 8) - -10.
0
What is (-1 - (-4 + 9)) + 3?
-3
Calculate (5 - 1 - 1) + -5.
-2
What is (-2 - -1) + (1 - -2)?
2
Calculate -11 + 13 + 11 - 5.
8
(-13 - -13) + (2 - 2) + -3
-3
Calculate 0 - -13 - 1 - (164 - 157).
5
-3 + -9 + -30 + 44
2
Calculate (1 - 3) + (-1 - -8).
5
Evaluate 0 + (1 - (-1 + -6 + 9)).
-1
What is the value of -9 - (-3 - (1 + 2))?
-3
3 + 0 - (29 + -23)
-3
What is (-48 - -34) + (-2 + 2 - -7)?
-7
-4 - (-1 + -5 + (-84 - -83))
3
5 - (6 + 3) - -8
4
Calculate -1 - -2 - (6 - 1).
-4
(2 - 8) + (-3 - (-3 + -3))
-3
What is -6 + (-6 - -9) - -4?
1
What is the value of 6 - (1 + 1) - (-35 + 36)?
3
What is the value of 1 + 0 - (-12 + (-11 - -27))?
-3
What is -11 + 21 + (2 - (7 - 2))?
7
Calculate (2 - 7) + 2 + 2 + -1.
-2
(-1 - (-5 - -1)) + -6
-3
3 + 10 - (-10 + 18)
5
What is the value of -1 - (3 + -8 + 3)?
1
What is -3 - (2 - (8 + -3))?
0
Evaluate (15 - 11) + (-1 - 4).
-1
0 - (-2 - (2 + -1 + 1))
4
Calculate -15 - (-29 + 20) - (-12 + 2).
4
-1 - 0 - (0 + -3 + 6)
-4
Calculate (2 - 2) + -1 + (-5 - -5).
-1
Evaluate -7 + (-3 - 1 - -6 - -2).
-3
(28 + -14 - 8) + (-1 - 0)
5
What is (-7 - -1) + (-8 + -4 - -24)?
6
What is (28 - (1 + 8)) + -8?
11
What is the value of 2 - (2 - (4 + (-4 - 0)))?
0
What is (-5 - (1 + (-13 - -7))) + 4?
4
Evaluate 3 + -10 + (5 - 2) + 0.
-4
-5 - (-5 + -1) - 5
-4
Evaluate (22 - 8) + -37 + 21.
-2
7 - (3 - (-5 + 4))
3
What is -3 - (3 - 5 - -2)?
-3
Calculate 5 - (1 + 1 - (3 - 1)).
5
-1 - 5 - (-10 - -7)
-3
7 + 3 + 6 + -12 + 2
6
What is 3 + 1 + (-6 - -3) - -1?
2
What is (6 - (-5 - 1 - -14)) + 3?
1
Evaluate 4 + (-3 - (1 + (0 - 0))).
0
What is 9 - (-4 - (1 + (4 - 13)))?
5
Evaluate 4 - (-3 + (6 - -1)).
0
What is 1 - (4 - 2 - -2)?
-3
Calculate 4 + -4 + (3 - 2).
1
Calculate 3 - (-7 + 6 + 3).
1
What is (0 - -1 - (0 + 3)) + 7?
5
0 - (1 - -4 - -1 - 1)
-5
What is (-1 - 0) + 0 - (-11 + 12)?
-2
Evaluate (0 - -1) + -3 - (7 + -15).
6
Calculate -4 + 0 - (-4 + (0 - -3)).
-3
-6 + 10 - -5 - 9
0
-3 + 3 - (5 - 2)
-3
5 - 2 - (-4 + 4)
3
Calculate (3 - 1) + 3 - 0.
5
What is the value of (-1 - (1 + 3)) + -1 + 2?
-4
What is (-12 - (4 + -18)) + 0 + -1?
1
Calculate 1 + -9 + (20 - (-7 - -9)).
10
(6 - 4) + -9 + 4
-3
What is the value of -5 - (3 - (9 - 3))?
-2
(6 - 1) + (6 + -5 - 4)
2
Calculate -1 + 4 - 10 - -3.
-4
Evaluate 0 - (-4 - (0 + -1 + 0)).
3
2 + -4 + 0 + 4
2
What is (-2 - 6) + 8 - 7?
-7
-1 + 9 + 1 + -4
5
What is (0 - 11) + -60 + 74?
3
-10 + 5 - (9 + -11)
-3
Calculate 5 + (-11 + 7 - (-5 + 1)).
5
Evaluate 9 - 5 - (4 + -1 - -2).
-1
What is the value of 5 + -1 + -1 - 1?
2
Evaluate (0 - 1) + 0 + (-3 - -7).
3
Calculate -10 - (1 + (-4 - 3)).
-4
12 + (9 - 6) - 10
5
What is the value of (5 - 11) + (1 - -1)?
-4
What is the value of -3 + -5 + (13 - 4) - 1?
0
Calculate -2 + (-4 + 11 - (6 + -2)).
1
What is the value of -4 - (5 - (1 + 4))?
-4
Evaluate -13 - -7 - (-1 - 2).
-3
What is the value of -15 - (-8 + 3 + -5)?
-5
What is -14 - ((-4 - -3) + -20)?
7
Evaluate 2 - (-2 - -12 - 3).
-5
Calculate (7 - 5) + -6 + 9.
5
Calculate -29 + 43 + -13 + 0.
1
Evaluate 7 + (-13 - -12) + -3.
3
3 + (8 - (7 + -1))
5
What is the value of -14 + 18 + -5 + -1 + -1?
-3
-6 - (-8 - (1 + -2))
1
6 + (-10 - 1 - -13)
8
Calculate -7 - (-9 - (6 - 14)).
-6
Evaluate 3 - (0 - 4 - (-20 + 17)).
4
Calculate 0 + -6 + (-4 + 13 - 5).
-2
Calculate (-3 - (-5 + -1)) + -6 + -2.
-5
Evaluate -59 - -48 - (-5 + -1).
-5
Evaluate 7 - (-5 - -9 - 2).
5
What is 6 + 3 + -13 + 1 + 6?
3
What is the value of -3 - (5 + 2 + -1)?
-9
What is -5 - (1 + -2 - 2) - 0?
-2
Calculate -4 + (5 - (-3 - 0)).
4
What is the value of -7 + -9 - -2 - -13?
-1
Calculate 4 - (-3 - -5 - (0 - -6)).
8
What is the value of 0 - ((-2 - 0) + -14 + 12)?
4
Calculate -8 - (5 - (14 + -2)).
-1
Evaluate 5 + -9 + 5 - (1 + 0).
0
What is the value of (-4 - 0) + (-4 - (3 - 9))?
-2
8 + (3 + -1 - 6)
4
Evaluate (-5 - (-3 - -7 - 5)) + 1.
-3
What is 11 - (11 - 3 - (2 - 0))?
5
What is 5 - (-9 - (-24 - -12))?
2
Evaluate 3 + (-3 + -1 - (-2 + -1)).
2
What is 1 - 1 - (10 + -14 + 7)?
-3
Evaluate (6 - -2) + -9 - 6.
-7
Calculate -4 - (-3 - (3 + -5 + 2)).
-1
1 + -7 + (7 - 3 - 3)
-5
1 - (1 - (3 + 0 - -1))
4
What is the value of 4 + 2 + -7 + -4?
-5
What is the value of (2 - 0) + (9 - 7)?
4
(-1 - 3) + -1 + 2 - -5
2
-4 + 12 - (4 - 0)
4
10 + -2 + -7 + -3
-2
(-8 - -6) + 7 - (-3 - -5)
3
9 + -11 - (0 - 0)
-2
What is the value of -1 + (-3 - -4) + 1?
1
-5 - (4 + (0 - 5))
-4
Calculate -6 + -7 + 13 + -2.
-2
4 + (-4 - 3 - (-2 - -1))
-2
10 + -13 - (-4 + -1)
2
What is the value of 0 - (-1 + -2 - -2 - -1)?
0
What is -4 + -1 - (67 + -67)?
-5
What is -4 + -5 + 6 - -1?
-2
What is -5 + (7 - 5) + (7 - 0)?
4
What is 3 + -2 + (33 - 29)?
5
What is the value of 6 + -11 + (2 - -2)?
-1
Evaluate -9 - (-3 - -2) - (52 - 52).
-8
Calculate (1 - 5) + (2 - -2).
0
(2 - (5 + 1)) + (10 - 4)
2
(-4 - (-5 + 2)) + (4 - -1)
4
What is (-12 - -8) + 6 - 7?
-5
-6 + 10 - (-16 + 27)
-7
What is (2 - 3 - -6) + -8?
-3
What is the value of 2 - (4 + 5 + -5)?
-2
What is -10 + 6 + -2 + 0?
-6
9 - (11 - 5 - -8)
-5
What is 0 - (16 + -9 + -5)?
-2
What is 1 + 2 + 0 + (31 - 40)?
-6
What is -4 + -4 + 21 + -9?
4
3 - ((1 - (1 + 1)) + 6)
-2
What is the value of 1 + 1 - (0 + 1 + 2)?
-1
-21 + 15 + 21 + -26
-11
What is the value of -1 - (-3 - 1 - -3)?
0
1 + (-1 + 1 - -2) + -3
0
What is the value of -26 + 21 + (5 - 4)?
-4
What is (-4 - -6) + 5 + -12?
-5
What is the value of 7 + (-23 - -11) + 0 + -1?
-6
What is 15 + -13 - (-2 + (1 - -2))?
1
Evaluate 11 + -29 + 8 + 2.
-8
What is 5 + 0 - (2 - (1 + 1))?
5
Calculate -2 - (-1 + 0) - 0.
-1
Evaluate 4 + -6 + 1 - (-1 - -3).
-3
What is 4 + 6 + -11 + -2?
-3
3 - (3 - -6 - 10)
4
What is the value of (-4 - (-3 - 0)) + 5?
4
20 - 20 - (0 + 0 + 1)
-1
(2 - 10) + (-9 + 15 - 2)
-4
What is the value of -2 + 0 - -2 - (-27 + 33)?
-6
19 + (-10 - (-10 + 10))
9
-3 + 9 - (10 - 7)
3
0 + -2 + 2 + -1 + 2
1
8 - (-4 - (6 - 12))
6
Evaluate -2 + -17 + 7 + 6.
-6
Calculate 0 - (-5 + -10 + 21).
-6
Evaluate (-3 + 0 + -5 - 6) + 6.
-8
What is 1 + -2 + (6 - (-4 - -13))?
-4
Calculate -8 - (4 - 11) - 1.
-2
Calculate (-3 - (-5 - 3)) + -7.
-2
7 + -2 - 10 - -14
9
What is the value of -1 + 5 - (-4 + 2 + 6)?
0
3 - (-9 - -9 - -9)
-6
Calculate -1 + (8 - (-1 - -11)).
-3
What is the value of -8 - 1 - -12 - 8 - -1?
-4
What is 3 - (-1 + 3 - (-1 - -2))?
2
Calculate 2 + 1 + -2 + 0.
1
Calculate -17 + 5 + 7 - (-1 - 3).
-1
What is (0 - (1 - -1)) + 112 + -118?
-8
Calculate (0 - 4) + 0 + 1.
-3
Calculate (-1 - -8) + (-21 + 1 - -4).
-9
What is the value of -6 - (1 - (7 + (-9 - -4)))?
-5
What is the value of 6 + -13 + (-1 - -7 - 1)?
-2
What is the value of (1 - -5) + -14 + 13?
5
Calculate -1 - -1 - (-1 - 2).
3
What is 95 + -93 + 1 + (0 - 8)?
-5
What is the value of 4 - (-4 - -5) - 7?
-4
24 + -20 + -2 + 1
3
Calculate 5 - (6 + 0 - (-20 + 26)).
5
Evaluate -7 - (4 - 9 - 0).
-2
What is the value of 13 + -6 + -6 + (0 - 0)?
1
What is 1 + -1 + -2 - 1 - -5?
2
What is the value of 113 - 104 - (0 - -15)?
-6
Evaluate (-2 + 2 - -4) + 6 + -8.
2
What is 0 - ((4 - 7) + 8)?
-5
What is -5 + 18 + (-6 - (-2 + -1))?
10
What is the value of -16 - (-23 + 12) - (-2 - 0)?
-3
Calculate -4 - 2 - -3 - 0.
-3
What is the value of 7 - (7 - (-3 - 1 - -5))?
1
Evaluate 0 + 5 + (0 - -11 - 13).
3
-4 - (-10 + 5 - 5)
6
Calculate (2 - (0 + 1)) + 4.
5
Calculate (-10 + 6 - -1) + 3.
0
2 + 1 + 1 + -1 - 2
1
What is 1 + (-2 - 0) - (-3 + 3)?
-1
What is the value of -5 - (-6 - -2) - (0 - -2)?
-3
What is the value of (1 + -3 + 4 - -2) + -8?
-4
Evaluate -9 + -3 - (-14 + 7).
-5
Evaluate -1 + 1 + 3 + -2 - 5.
-4
Calculate 4 - (1 - (-2 - 1)).
0
Evaluate 5 + (1 - (5 - 3)) + -2.
2
What is the value of 24 + -8 - (17 + -5)?
4
1 + (3 - (1 + 1) - 0)
2
Evaluate 3 - (2 - 0) - -3.
4
What is 0 + -2 + 2 + 2?
2
9 + (-6 - 9) - (-2 - -2)
-6
What is -2 + 1 - (24 + -17 + -15)?
7
Calculate 2 + (1 - (-1 - -2)